{"id":72,"date":"2017-08-24T16:34:06","date_gmt":"2017-08-24T14:34:06","guid":{"rendered":"https:\/\/www.biomineralenergy.fr\/blog\/?page_id=72"},"modified":"2017-11-27T17:02:01","modified_gmt":"2017-11-27T16:02:01","slug":"contact","status":"publish","type":"page","link":"https:\/\/www.biomineralenergy.fr\/blog\/contact\/","title":{"rendered":"Contact"},"content":{"rendered":"<p>Vous souhaitez des informations sur une pierre ? sur notre boutique ? N&rsquo;h\u00e9sitez pas \u00e0 nous contacter, nous vous r\u00e9pondrons sous 48h maximum.<br \/>\n\n<div class=\"wpcf7 no-js\" id=\"wpcf7-f5-o1\" lang=\"fr-FR\" dir=\"ltr\" data-wpcf7-id=\"5\">\n<div class=\"screen-reader-response\"><p role=\"status\" aria-live=\"polite\" aria-atomic=\"true\"><\/p> <ul><\/ul><\/div>\n<form action=\"\/blog\/wp-json\/wp\/v2\/pages\/72#wpcf7-f5-o1\" method=\"post\" class=\"wpcf7-form init\" aria-label=\"Formulaire de contact\" enctype=\"multipart\/form-data\" novalidate=\"novalidate\" data-status=\"init\">\n<fieldset class=\"hidden-fields-container\"><input type=\"hidden\" name=\"_wpcf7\" value=\"5\" \/><input type=\"hidden\" name=\"_wpcf7_version\" value=\"6.1.5\" \/><input type=\"hidden\" name=\"_wpcf7_locale\" value=\"fr_FR\" \/><input type=\"hidden\" name=\"_wpcf7_unit_tag\" value=\"wpcf7-f5-o1\" \/><input type=\"hidden\" name=\"_wpcf7_container_post\" value=\"0\" \/><input type=\"hidden\" name=\"_wpcf7_posted_data_hash\" value=\"\" \/>\n<\/fieldset>\n<p><label> Votre nom (obligatoire)<br \/>\n<span class=\"wpcf7-form-control-wrap\" data-name=\"your-name\"><input size=\"40\" maxlength=\"400\" class=\"wpcf7-form-control wpcf7-text wpcf7-validates-as-required\" aria-required=\"true\" aria-invalid=\"false\" value=\"\" type=\"text\" name=\"your-name\" \/><\/span> <\/label>\n<\/p>\n<p><label> Votre e-mail (obligatoire)<br \/>\n<span class=\"wpcf7-form-control-wrap\" data-name=\"your-email\"><input size=\"40\" maxlength=\"400\" class=\"wpcf7-form-control wpcf7-email wpcf7-validates-as-required wpcf7-text wpcf7-validates-as-email\" aria-required=\"true\" aria-invalid=\"false\" value=\"\" type=\"email\" name=\"your-email\" \/><\/span> <\/label>\n<\/p>\n<p><label> Sujet<br \/>\n<span class=\"wpcf7-form-control-wrap\" data-name=\"your-subject\"><input size=\"40\" maxlength=\"400\" class=\"wpcf7-form-control wpcf7-text\" aria-invalid=\"false\" value=\"\" type=\"text\" name=\"your-subject\" \/><\/span> <\/label>\n<\/p>\n<p><label> Votre message<br \/>\n<span class=\"wpcf7-form-control-wrap\" data-name=\"your-message\"><textarea cols=\"40\" rows=\"10\" maxlength=\"2000\" class=\"wpcf7-form-control wpcf7-textarea\" aria-invalid=\"false\" name=\"your-message\"><\/textarea><\/span> <\/label>\n<\/p>\n<p><span class=\"wpcf7-form-control-wrap\" data-name=\"Ajouterunfichier\"><input size=\"40\" class=\"wpcf7-form-control wpcf7-file\" accept=\"audio\/*,video\/*,image\/*\" aria-invalid=\"false\" type=\"file\" name=\"Ajouterunfichier\" \/><\/span>\n<\/p>\n<p><label> Validez le captcha avant d'envoyer votre message<br \/>\n<div id=\"cf7sr-69f21039c5f6f\" class=\"cf7sr-g-recaptcha\" data-theme=\"light\" data-type=\"image\" data-size=\"normal\" data-sitekey=\"6Lc_7ngcAAAAACjlCEs5n1OCovF8Yt_s6iNGmAfy\"><\/div><span class=\"wpcf7-form-control-wrap cf7sr-recaptcha\" data-name=\"cf7sr-recaptcha\"><input type=\"hidden\" name=\"cf7sr-recaptcha\" value=\"\" class=\"wpcf7-form-control\"><\/span><\/label>\n<\/p>\n<p><input class=\"wpcf7-form-control wpcf7-submit has-spinner\" type=\"submit\" value=\"Envoyer\" \/>\n<\/p><div class=\"wpcf7-response-output\" aria-hidden=\"true\"><\/div>\n<\/form>\n<\/div>\n<\/p>\n","protected":false},"excerpt":{"rendered":"<p>Vous souhaitez des informations sur une pierre ? sur notre boutique ? N&rsquo;h\u00e9sitez pas \u00e0 nous contacter, nous vous r\u00e9pondrons sous 48h maximum.<\/p>\n","protected":false},"author":1,"featured_media":0,"parent":0,"menu_order":0,"comment_status":"closed","ping_status":"closed","template":"","meta":{"footnotes":""},"class_list":["post-72","page","type-page","status-publish","hentry"],"yoast_head":"<!-- This site is optimized with the Yoast SEO plugin v27.5 - https:\/\/yoast.com\/product\/yoast-seo-wordpress\/ -->\n<title>Contact - Bio Mineral Energy<\/title>\n<meta name=\"robots\" content=\"noindex, nofollow\" \/>\n<meta property=\"og:locale\" content=\"fr_FR\" \/>\n<meta property=\"og:type\" content=\"article\" \/>\n<meta property=\"og:title\" content=\"Contact - Bio Mineral Energy\" \/>\n<meta property=\"og:description\" content=\"Vous souhaitez des informations sur une pierre ? sur notre boutique ? N&rsquo;h\u00e9sitez pas \u00e0 nous contacter, nous vous r\u00e9pondrons sous 48h maximum.\" \/>\n<meta property=\"og:url\" content=\"https:\/\/www.biomineralenergy.fr\/blog\/contact\/\" \/>\n<meta property=\"og:site_name\" content=\"Bio Mineral Energy\" \/>\n<meta property=\"article:modified_time\" content=\"2017-11-27T16:02:01+00:00\" \/>\n<meta name=\"twitter:card\" content=\"summary_large_image\" \/>\n<script type=\"application\/ld+json\" class=\"yoast-schema-graph\">{\"@context\":\"https:\\\/\\\/schema.org\",\"@graph\":[{\"@type\":\"WebPage\",\"@id\":\"https:\\\/\\\/www.biomineralenergy.fr\\\/blog\\\/contact\\\/\",\"url\":\"https:\\\/\\\/www.biomineralenergy.fr\\\/blog\\\/contact\\\/\",\"name\":\"Contact - Bio Mineral Energy\",\"isPartOf\":{\"@id\":\"https:\\\/\\\/www.biomineralenergy.fr\\\/blog\\\/#website\"},\"datePublished\":\"2017-08-24T14:34:06+00:00\",\"dateModified\":\"2017-11-27T16:02:01+00:00\",\"breadcrumb\":{\"@id\":\"https:\\\/\\\/www.biomineralenergy.fr\\\/blog\\\/contact\\\/#breadcrumb\"},\"inLanguage\":\"fr-FR\",\"potentialAction\":[{\"@type\":\"ReadAction\",\"target\":[\"https:\\\/\\\/www.biomineralenergy.fr\\\/blog\\\/contact\\\/\"]}]},{\"@type\":\"BreadcrumbList\",\"@id\":\"https:\\\/\\\/www.biomineralenergy.fr\\\/blog\\\/contact\\\/#breadcrumb\",\"itemListElement\":[{\"@type\":\"ListItem\",\"position\":1,\"name\":\"Accueil\",\"item\":\"https:\\\/\\\/www.biomineralenergy.fr\\\/blog\\\/\"},{\"@type\":\"ListItem\",\"position\":2,\"name\":\"Contact\"}]},{\"@type\":\"WebSite\",\"@id\":\"https:\\\/\\\/www.biomineralenergy.fr\\\/blog\\\/#website\",\"url\":\"https:\\\/\\\/www.biomineralenergy.fr\\\/blog\\\/\",\"name\":\"Bio Mineral Energy\",\"description\":\"\",\"publisher\":{\"@id\":\"https:\\\/\\\/www.biomineralenergy.fr\\\/blog\\\/#organization\"},\"potentialAction\":[{\"@type\":\"SearchAction\",\"target\":{\"@type\":\"EntryPoint\",\"urlTemplate\":\"https:\\\/\\\/www.biomineralenergy.fr\\\/blog\\\/?s={search_term_string}\"},\"query-input\":{\"@type\":\"PropertyValueSpecification\",\"valueRequired\":true,\"valueName\":\"search_term_string\"}}],\"inLanguage\":\"fr-FR\"},{\"@type\":\"Organization\",\"@id\":\"https:\\\/\\\/www.biomineralenergy.fr\\\/blog\\\/#organization\",\"name\":\"Bio Mineral Energy\",\"url\":\"https:\\\/\\\/www.biomineralenergy.fr\\\/blog\\\/\",\"logo\":{\"@type\":\"ImageObject\",\"inLanguage\":\"fr-FR\",\"@id\":\"https:\\\/\\\/www.biomineralenergy.fr\\\/blog\\\/#\\\/schema\\\/logo\\\/image\\\/\",\"url\":\"https:\\\/\\\/www.biomineralenergy.fr\\\/blog\\\/wp-content\\\/uploads\\\/2017\\\/10\\\/cropped-logo-bme-blog-v2.png\",\"contentUrl\":\"https:\\\/\\\/www.biomineralenergy.fr\\\/blog\\\/wp-content\\\/uploads\\\/2017\\\/10\\\/cropped-logo-bme-blog-v2.png\",\"width\":248,\"height\":64,\"caption\":\"Bio Mineral Energy\"},\"image\":{\"@id\":\"https:\\\/\\\/www.biomineralenergy.fr\\\/blog\\\/#\\\/schema\\\/logo\\\/image\\\/\"}}]}<\/script>\n<!-- \/ Yoast SEO plugin. -->","yoast_head_json":{"title":"Contact - Bio Mineral Energy","robots":{"index":"noindex","follow":"nofollow"},"og_locale":"fr_FR","og_type":"article","og_title":"Contact - Bio Mineral Energy","og_description":"Vous souhaitez des informations sur une pierre ? sur notre boutique ? N&rsquo;h\u00e9sitez pas \u00e0 nous contacter, nous vous r\u00e9pondrons sous 48h maximum.","og_url":"https:\/\/www.biomineralenergy.fr\/blog\/contact\/","og_site_name":"Bio Mineral Energy","article_modified_time":"2017-11-27T16:02:01+00:00","twitter_card":"summary_large_image","schema":{"@context":"https:\/\/schema.org","@graph":[{"@type":"WebPage","@id":"https:\/\/www.biomineralenergy.fr\/blog\/contact\/","url":"https:\/\/www.biomineralenergy.fr\/blog\/contact\/","name":"Contact - Bio Mineral Energy","isPartOf":{"@id":"https:\/\/www.biomineralenergy.fr\/blog\/#website"},"datePublished":"2017-08-24T14:34:06+00:00","dateModified":"2017-11-27T16:02:01+00:00","breadcrumb":{"@id":"https:\/\/www.biomineralenergy.fr\/blog\/contact\/#breadcrumb"},"inLanguage":"fr-FR","potentialAction":[{"@type":"ReadAction","target":["https:\/\/www.biomineralenergy.fr\/blog\/contact\/"]}]},{"@type":"BreadcrumbList","@id":"https:\/\/www.biomineralenergy.fr\/blog\/contact\/#breadcrumb","itemListElement":[{"@type":"ListItem","position":1,"name":"Accueil","item":"https:\/\/www.biomineralenergy.fr\/blog\/"},{"@type":"ListItem","position":2,"name":"Contact"}]},{"@type":"WebSite","@id":"https:\/\/www.biomineralenergy.fr\/blog\/#website","url":"https:\/\/www.biomineralenergy.fr\/blog\/","name":"Bio Mineral Energy","description":"","publisher":{"@id":"https:\/\/www.biomineralenergy.fr\/blog\/#organization"},"potentialAction":[{"@type":"SearchAction","target":{"@type":"EntryPoint","urlTemplate":"https:\/\/www.biomineralenergy.fr\/blog\/?s={search_term_string}"},"query-input":{"@type":"PropertyValueSpecification","valueRequired":true,"valueName":"search_term_string"}}],"inLanguage":"fr-FR"},{"@type":"Organization","@id":"https:\/\/www.biomineralenergy.fr\/blog\/#organization","name":"Bio Mineral Energy","url":"https:\/\/www.biomineralenergy.fr\/blog\/","logo":{"@type":"ImageObject","inLanguage":"fr-FR","@id":"https:\/\/www.biomineralenergy.fr\/blog\/#\/schema\/logo\/image\/","url":"https:\/\/www.biomineralenergy.fr\/blog\/wp-content\/uploads\/2017\/10\/cropped-logo-bme-blog-v2.png","contentUrl":"https:\/\/www.biomineralenergy.fr\/blog\/wp-content\/uploads\/2017\/10\/cropped-logo-bme-blog-v2.png","width":248,"height":64,"caption":"Bio Mineral Energy"},"image":{"@id":"https:\/\/www.biomineralenergy.fr\/blog\/#\/schema\/logo\/image\/"}}]}},"_links":{"self":[{"href":"https:\/\/www.biomineralenergy.fr\/blog\/wp-json\/wp\/v2\/pages\/72","targetHints":{"allow":["GET"]}}],"collection":[{"href":"https:\/\/www.biomineralenergy.fr\/blog\/wp-json\/wp\/v2\/pages"}],"about":[{"href":"https:\/\/www.biomineralenergy.fr\/blog\/wp-json\/wp\/v2\/types\/page"}],"author":[{"embeddable":true,"href":"https:\/\/www.biomineralenergy.fr\/blog\/wp-json\/wp\/v2\/users\/1"}],"replies":[{"embeddable":true,"href":"https:\/\/www.biomineralenergy.fr\/blog\/wp-json\/wp\/v2\/comments?post=72"}],"version-history":[{"count":0,"href":"https:\/\/www.biomineralenergy.fr\/blog\/wp-json\/wp\/v2\/pages\/72\/revisions"}],"wp:attachment":[{"href":"https:\/\/www.biomineralenergy.fr\/blog\/wp-json\/wp\/v2\/media?parent=72"}],"curies":[{"name":"wp","href":"https:\/\/api.w.org\/{rel}","templated":true}]}}